at is the millions digit of 1200033?
1
What is the thousands digit of 4308788?
8
What is the tens digit of 14899910?
1
What is the hundreds digit of 3196836?
8
What is the ten thousands digit of 1009996?
0
What is the tens digit of 52272?
7
What is the hundred thousands digit of 567030?
5
What is the tens digit of 189992?
9
What is the ten thousands digit of 69008?
6
What is the thousands digit of 399726?
9
What is the ten thousands digit of 22644089?
4
What is the hundred thousands digit of 357876?
3
What is the millions digit of 4945126?
4
What is the thousands digit of 3193737?
3
What is the thousands digit of 21710813?
0
What is the ten millions digit of 14449413?
1
What is the ten thousands digit of 603621?
0
What is the millions digit of 26514890?
6
What is the tens digit of 498031?
3
What is the hundred thousands digit of 320729?
3
What is the thousands digit of 49732?
9
What is the units digit of 419972?
2
What is the hundred thousands digit of 6164285?
1
What is the tens digit of 2931537?
3
What is the ten thousands digit of 1306147?
0
What is the thousands digit of 44767589?
7
What is the hundreds digit of 2036825?
8
What is the thousands digit of 90988?
0
What is the thousands digit of 3994363?
4
What is the millions digit of 4233758?
4
What is the tens digit of 146048?
4
What is the thousands digit of 95493?
5
What is the thousands digit of 2298738?
8
What is the hundreds digit of 1265259?
2
What is the thousands digit of 7119540?
9
What is the ten thousands digit of 70934?
7
What is the units digit of 70217?
7
What is the units digit of 101546?
6
What is the ten thousands digit of 38221?
3
What is the thousands digit of 178802?
8
What is the hundreds digit of 3731811?
8
What is the ten thousands digit of 2372530?
7
What is the hundreds digit of 9827500?
5
What is the hundred thousands digit of 4872834?
8
What is the millions digit of 26499615?
6
What is the hundreds digit of 244526?
5
What is the ten thousands digit of 10924334?
2
What is the units digit of 1775282?
2
What is the hundreds digit of 1118782?
7
What is the hundreds digit of 18859?
8
What is the thousands digit of 2336775?
6
What is the ten thousands digit of 356033?
5
What is the thousands digit of 5037419?
7
What is the ten thousands digit of 1946341?
4
What is the ten thousands digit of 286525?
8
What is the ten thousands digit of 1633351?
3
What is the hundreds digit of 2730181?
1
What is the ten thousands digit of 127147?
2
What is the hundred thousands digit of 3989306?
9
What is the hundred thousands digit of 1504065?
5
What is the hundreds digit of 493706?
7
What is the millions digit of 3102277?
3
What is the thousands digit of 35150135?
0
What is the hundred thousands digit of 3817639?
8
What is the hundreds digit of 26024761?
7
What is the ten millions digit of 21553863?
2
What is the ten thousands digit of 291226?
9
What is the thousands digit of 1482646?
2
What is the hundreds digit of 21167?
1
What is the thousands digit of 19868927?
8
What is the units digit of 1694554?
4
What is the millions digit of 1141610?
1
What is the hundred thousands digit of 279768?
2
What is the units digit of 4422001?
1
What is the thousands digit of 71557?
1
What is the hundred thousands digit of 3395376?
3
What is the millions digit of 7747409?
7
What is the units digit of 241608?
8
What is the hundred thousands digit of 775669?
7
What is the units digit of 463381?
1
What is the units digit of 193724?
4
What is the hundreds digit of 532955?
9
What is the units digit of 23242530?
0
What is the ten thousands digit of 1245478?
4
What is the hundred thousands digit of 485801?
4
What is the ten thousands digit of 613923?
1
What is the ten millions digit of 12196395?
1
What is the hundreds digit of 7577148?
1
What is the thousands digit of 1600971?
0
What is the millions digit of 2143236?
2
What is the millions digit of 9462126?
9
What is the ten thousands digit of 548193?
4
What is the thousands digit of 177324?
7
What is the hundreds digit of 152158?
1
What is the hundreds digit of 1039116?
1
What is the tens digit of 199814?
1
What is the tens digit of 601812?
1
What is the hundred thousands digit of 319478?
3
What is the hundred thousands digit of 8090888?
0
What is the tens digit of 318517?
1
What is the thousands digit of 2158104?
8
What is the thousands digit of 22945307?
5
What is the hundred thousands digit of 1700883?
7
What is the millions digit of 1761385?
1
What is the tens digit of 1102035?
3
What is the hundreds digit of 162825?
8
What is the tens digit of 204462?
6
What is the ten millions digit of 10904790?
1
What is the hundreds digit of 269295?
2
What is the thousands digit of 238214?
8
What is the units digit of 863507?
7
What is the thousands digit of 632286?
2
What is the units digit of 121096?
6
What is the ten millions digit of 25849575?
2
What is the ten thousands digit of 2416527?
1
What is the tens digit of 1427266?
6
What is the hundred thousands digit of 3357172?
3
What is the hundreds digit of 15243233?
2
What is the ten thousands digit of 315966?
1
What is the thousands digit of 3009135?
9
What is the thousands digit of 2048687?
8
What is the hundred thousands digit of 277420?
2
What is the hundred thousands digit of 322906?
3
What is the tens digit of 3763737?
3
What is the tens digit of 206035?
3
What is the hundred thousands digit of 437275?
4
What is the hundred thousands digit of 354395?
3
What is the tens digit of 2538634?
3
What is the units digit of 163817?
7
What is the thousands digit of 1137482?
7
What is the tens digit of 11578398?
9
What is the hundred thousands digit of 1497162?
4
What is the ten thousands digit of 1652939?
5
What is the thousands digit of 665234?
5
What is the hundred thousands digit of 9406221?
4
What is the thousands digit of 3736846?
6
What is the tens digit of 3277216?
1
What is the ten thousands digit of 30109820?
0
What is the hundred thousands digit of 2546763?
5
What is the thousands digit of 4916746?
6
What is the ten thousands digit of 1374015?
7
What is the ten thousands digit of 1204362?
0
What is the hundred thousands digit of 489960?
4
What is the ten thousands digit of 2513758?
1
What is the tens digit of 336482?
8
What is the ten thousands digit of 787205?
8
What is the tens digit of 31117?
1
What is the thousands digit of 198848?
8
What is the thousands digit of 116513?
6
What is the hundred thousands digit of 14838044?
8
What is the millions digit of 1563986?
1
What is the hundreds digit of 844570?
5
What is the hundred thousands digit of 2555798?
5
What is the tens digit of 25119?
1
What is the hundred thousands digit of 2619869?
6
What is the tens digit of 51938?
3
What is the ten thousands digit of 242952?
4
What is the hundreds digit of 5345884?
8
What is the tens digit of 272193?
9
What is the hundreds digit of 358127?
1
What is the hundred thousands digit of 328768?
3
What is the ten thousands digit of 66059?
6
What is the thousands digit of 514780?
4
What is the ten thousands digit of 9174067?
7
What is the units digit of 114475?
5
What is the hundred thousands digit of 17320733?
3
What is the units digit of 927495?
5
What is the hundred thousands digit of 239500?
2
What is the hundreds digit of 8805269?
2
What is the ten thousands digit of 239168?
3
What is the hundreds digit of 2354631?
6
What is the ten thousands digit of 297479?
9
What is the ten thousands digit of 668696?
6
What is the ten thousands digit of 9535882?
3
What is the units digit of 7401863?
3
What is the ten thousands digit of 1743315?
4
What is the ten thousands digit of 3030674?
3
What is the millions digit of 2012625?
2
What is the thousands digit of 1017631?
7
What is the ten thousands digit of 2854616?
5
What is the units digit of 2248515?
5
What is the tens digit of 635001?
0
What is the units digit of 145610?
0
What is the units digit of 299956?
6
What is the hundreds digit of 174873?
8
What is the ten thousands digit of 4624843?
2
What is the millions digit of 28418755?
8
What is the units digit of 20621552?
2
What is the thousands digit of 318827?
8
What is the ten thousands digit of 7073978?
7
What is the hundreds digit of 8413946?
9
What is the units digit of 2926131?
1
What is the tens digit of 8164084?
8
Wh